{"id":67,"date":"2016-03-04T17:15:40","date_gmt":"2016-03-04T16:15:40","guid":{"rendered":"http:\/\/tennisschule-janda.de\/?page_id=67"},"modified":"2023-05-19T22:13:51","modified_gmt":"2023-05-19T20:13:51","slug":"peter-janda","status":"publish","type":"page","link":"https:\/\/tennisschule-janda.de\/","title":{"rendered":"Peter Janda"},"content":{"rendered":"<div id=\"pl-67\"  class=\"panel-layout\" ><div id=\"pg-67-0\"  class=\"panel-grid panel-no-style\" ><div id=\"pgc-67-0-0\"  class=\"panel-grid-cell\" ><div id=\"panel-67-0-0-0\" class=\"so-panel widget widget_sow-image panel-first-child panel-last-child\" data-index=\"0\" ><div\n\t\t\t\n\t\t\tclass=\"so-widget-sow-image so-widget-sow-image-default-8b5b6f678277-67\"\n\t\t\t\n\t\t>\n<div class=\"sow-image-container\">\n\t\t<img \n\tsrc=\"https:\/\/tennisschule-janda.de\/wp-content\/uploads\/2023\/05\/Peter.jpg\" width=\"591\" height=\"886\" srcset=\"https:\/\/tennisschule-janda.de\/wp-content\/uploads\/2023\/05\/Peter.jpg 591w, https:\/\/tennisschule-janda.de\/wp-content\/uploads\/2023\/05\/Peter-200x300.jpg 200w, https:\/\/tennisschule-janda.de\/wp-content\/uploads\/2023\/05\/Peter-200x300@2x.jpg 400w\" sizes=\"(max-width: 591px) 100vw, 591px\" alt=\"\" \t\tclass=\"so-widget-image\"\/>\n\t<\/div>\n\n<\/div><\/div><\/div><div id=\"pgc-67-0-1\"  class=\"panel-grid-cell\" ><div id=\"panel-67-0-1-0\" class=\"so-panel widget widget_sow-editor panel-first-child panel-last-child\" data-index=\"1\" ><div\n\t\t\t\n\t\t\tclass=\"so-widget-sow-editor so-widget-sow-editor-base\"\n\t\t\t\n\t\t>\n<div class=\"siteorigin-widget-tinymce textwidget\">\n\t<p><strong>30 Jahre Erfahrung im Vereinstraining.<\/strong><\/p>\n<p>Wir stehen f\u00fcr: Begeisterung, Leidenschaft, Spa\u00df und Engagement.<\/p>\n<p>Wir bieten profesionellen Tennisunterricht f\u00fcr alle Alters- und Leistungsklassen, angefangen mit der Ballschule, \u00fcber das Kinder- und Jugendtraining bis hin zum Erwachsenen- und Mannschaftstraining.<\/p>\n<p>Im Vordergrund steht nicht der schnelle Turniererfolg, sondern der langfristige und systematische Leistungsaufbau in allen Bereichen. Dabei legen wir gro\u00dfen Wert auf eine famili\u00e4re und positive Trainingsatmosph\u00e4re.<\/p>\n<p>Insbesondere Kindern und Jugendlichen m\u00f6chten wir auch die soziale Komponente des Tennissports vermitteln.<br \/>\nNeben dem Vereinstraining bem\u00fchen wir uns stets um Kooperationen mit Kinderg\u00e4rten und Grundschulen.<\/p>\n<\/div>\n<\/div><\/div><\/div><\/div><\/div>","protected":false},"excerpt":{"rendered":"<p>30 Jahre Erfahrung im Vereinstraining. Wir stehen f\u00fcr: Begeisterung, Leidenschaft, Spa\u00df und Engagement. Wir bieten profesionellen Tennisunterricht f\u00fcr alle Alters- und Leistungsklassen, angefangen mit der Ballschule, \u00fcber das Kinder- und Jugendtraining bis hin zum Erwachsenen- und Mannschaftstraining. Im Vordergrund steht nicht der schnelle Turniererfolg, sondern der langfristige und systematische Leistungsaufbau in allen Bereichen. Dabei legen [&hellip;]<\/p>\n","protected":false},"author":1,"featured_media":0,"parent":0,"menu_order":0,"comment_status":"closed","ping_status":"closed","template":"templates\/template-full.php","meta":{"footnotes":""},"class_list":["post-67","page","type-page","status-publish","hentry","post"],"_links":{"self":[{"href":"https:\/\/tennisschule-janda.de\/index.php\/wp-json\/wp\/v2\/pages\/67","targetHints":{"allow":["GET"]}}],"collection":[{"href":"https:\/\/tennisschule-janda.de\/index.php\/wp-json\/wp\/v2\/pages"}],"about":[{"href":"https:\/\/tennisschule-janda.de\/index.php\/wp-json\/wp\/v2\/types\/page"}],"author":[{"embeddable":true,"href":"https:\/\/tennisschule-janda.de\/index.php\/wp-json\/wp\/v2\/users\/1"}],"replies":[{"embeddable":true,"href":"https:\/\/tennisschule-janda.de\/index.php\/wp-json\/wp\/v2\/comments?post=67"}],"version-history":[{"count":44,"href":"https:\/\/tennisschule-janda.de\/index.php\/wp-json\/wp\/v2\/pages\/67\/revisions"}],"predecessor-version":[{"id":884,"href":"https:\/\/tennisschule-janda.de\/index.php\/wp-json\/wp\/v2\/pages\/67\/revisions\/884"}],"wp:attachment":[{"href":"https:\/\/tennisschule-janda.de\/index.php\/wp-json\/wp\/v2\/media?parent=67"}],"curies":[{"name":"wp","href":"https:\/\/api.w.org\/{rel}","templated":true}]}}